+ 0).
49
What is -20 - (50 - (3 - -15))?
-52
Calculate (1 - 28) + (965 - 946).
-8
83 + -48 + -40 - (85 - 0)
-90
What is -27 + -3 - (29 + -5 + -2 - 8)?
-44
16 + 46 + 19 - 132
-51
What is -53 + 54 + -150 + 240?
91
Calculate (-65 - -84) + -14 - 47.
-42
0 + (-54 - -35) - (2 + 3)
-24
12 + (-3 - (7 - (4 - 13 - (41 + -58))))
10
What is 44 + 1 + (124 - 200)?
-31
What is (45 - 21) + -46 - (-47 + -5)?
30
Evaluate 0 + 17 + 1 + -8285 + 8313.
46
Evaluate (-1 - (7 + -5)) + -5 + -488 + 517.
21
What is the value of -23 - (94 - (16 - -131))?
30
54 + -67 + (-12 - -39)
14
Evaluate -19 + -5 + (6 - -92).
74
What is the value of 755 + -715 - (112 + 6)?
-78
Evaluate 8 + 1 + -18 + (-9 - (-12 + 8)).
-14
Calculate (-27 - -9 - -12 - -36) + -18.
12
Evaluate (-71 - 36) + 134 - (98 + 0).
-71
(-1 - (-10 + -14) - -8) + -24 + (1 - 87)
-79
What is the value of (5 - 6) + (-14 - (8 + -7))?
-16
What is (7 - (6 + -11 + 9)) + (-34 - 56)?
-87
Evaluate -4 - (-3 + -9 - (4 - 11 - -7)).
8
Calculate -3 - (141 - 32 - 110).
-2
Evaluate (313 - (-346 - -646)) + 0 + -76 + -1.
-64
Calculate -2 + (13 - -11) + -13 + (-1 + 5 - 45).
-32
Calculate 19 + (-16 - -7 - -8 - 9).
9
-9 - -39 - -1 - (-81 - -64)
48
What is the value of 0 + -19 - (36 + (40 - (9 - -21)))?
-65
30 + 76 + (35 - 122)
19
Calculate -16 + (-8 - (-10 - (-1 + -4 - -5))).
-14
Evaluate -128 + 55 + 31 - -58.
16
What is the value of 122 - (-1 + 35 - (-110 + 2 + 130))?
110
What is 79 + -6 - (127 + -100)?
46
What is 2 + 3 + (74 + -7 + 2 - (-95 - -87))?
82
What is -1 + -12 - (-10 - (-10 - 9))?
-22
What is the value of -73 + 55 + 13 - (6 + -3 - 11)?
3
What is the value of -3 - (80 + -11) - (14 - (-9 + 10 + 7))?
-78
(-14 - -17) + -65 + (6 - ((-6 - -12) + -6))
-56
What is (1 - 21) + (-43 - (68 + -117)) - 88?
-102
4 - ((23 - 1) + 135 + -141)
-12
What is the value of 8 + (3 - -1) + (-11 - -14) + -7?
8
Calculate 97 + -283 + 97 - -82.
-7
(10 + (0 - 13 - 0) - -6) + -36
-33
5 - -6 - (20 + 29 + -65 + 24)
3
Calculate 5 - (15 - (28 + -2) - -9) - (-1 + 5).
3
-25 + (16 - 13) + 62
40
What is the value of 35 + (1 - 7) - (825 + -894)?
98
Calculate 10 + -166 + (178 - 97).
-75
(-35 - (2 - 0 - 2)) + (105 - (79 - -36))
-45
What is the value of 74 + 18 + 61 + -180?
-27
What is -12 + (-46 - (-18 - ((-4 - 10) + 4)))?
-50
What is 73 + -52 + -3 + 12?
30
(9 - 1 - (-37 - -20 - -33 - 16)) + -69
-61
-43 + (0 + -9 - (-44 - -29))
-37
Evaluate (1 - (-1 - 13 - -1)) + -5 + 53 + -100.
-38
Evaluate -96 - -100 - (2 + 3 + 19 + -3).
-17
Evaluate 102 - (35 + -84 + 38 + (-2 + 3 - 4)).
116
173 + -76 + -81 + -54
-38
(-16 - (32 - 19)) + 80 - (-1 + -7 + -3)
62
What is (1299 - 1381) + -2 + -2 + 21?
-65
What is 9 + -1 - (15 + -4 + -4 + -37 + -13)?
51
What is the value of 3 - (-5 + -20 + (7 - -32))?
-11
Calculate (0 - -2 - -2) + -43 + -2 + (41 - 49).
-49
Evaluate -12 + -52 - ((8 - 12) + 46).
-106
(-12 - 3) + (-26 - -34) + -14 + -4
-25
What is 59 + (-12 - (-66 + 91))?
22
What is the value of 24 - (12 + 0 + 512 + -524)?
24
Calculate (-19 - 16) + -70 - -183.
78
64 + 43 + -133 - 8
-34
Calculate (-130 - (196 + -136)) + 72.
-118
What is -62 + -23 + 60 - -24 - 51?
-52
What is 0 + -52 + -4 + (6 - (3 - 8))?
-45
Evaluate 29 + (-22 - (78 + -18 - -23)).
-76
Calculate 33357 + -33499 + (133 - 1).
-10
Evaluate 22 - (-12 + -2) - (8 - 3).
31
What is the value of -28 - 5 - (55 + -26 + -19) - (0 - 0)?
-43
Evaluate 16 + (-18 - (8 - 29)) - -16.
35
Evaluate -63 + 1 + (0 - 22 - (566 + -588)).
-62
13 - (-9 + 19) - 4
-1
Evaluate 269 + -238 + (-1 - 14).
16
-47 - (-18 - (-11 - -48)) - (16 - (-1 + 0))
-9
(-7 - ((15 - 25 - -6) + -65 + -1)) + -6
57
What is the value of (-15 + 2 + (-1 - -3) - -4) + 155 + -102?
46
What is 14 - (-7 - (7 - (8 + 9))) - (-52 + 3)?
60
What is -4 + (-18 - (-59 - (-13 - -14)))?
38
Evaluate 30 - (-54 - ((-25 - -9) + 12)).
80
Calculate 7 + -3 - (47 - 54) - (16 + -1).
-4
What is the value of (15 + -2 - (22 - (-24 + 22))) + 49?
38
Evaluate -84 - (-1 - (65 - 26)).
-44
Evaluate (-37 - (9 + -22)) + -6 + -16.
-46
1 + 0 + 3 + -3 + 708 + -744
-35
Evaluate 36 + 11 + -12 + -2 + -130.
-97
What is 34 + 7 + -1 - (527 - 348)?
-139
What is (-9 - (-21 - (14 + -20) - -25)) + -15?
-34
Calculate 93 + 153 + (-77 - 102).
67
-86 + (43 - (13 + -16))
-40
What is the value of 2 + -11 + 198 + -156?
33
Calculate (0 - 10) + (-16 + 4 - (7 + -2) - -9).
-18
What is 73 - (136 + -96) - 3?
30
Calculate 3 + -78 - (-1013 + 917).
21
-4 + (2 - (4 + -60)) + (-12 - 0)
42
24 - 5 - (-35 - (9 + -37))
26
What is the value of 32 + (-25 - 1) + (-1921 - -1810)?
-105
What is -47 + 35 - (4 + -110)?
94
What is the value of (-8 - ((0 - 1) + 4) - (-39 - -32)) + 24?
20
What is 14 - (8 + (17 + -3 + -22 - (0 + 71)))?
85
What is the value of 98 - (-101 + 50 + 98)?
51
Evaluate (1 - 0) + -8 - (66436 - 66434).
-9
What is (5 - -2) + 87 + 22 + -26?
90
What is the value of (18 + 84 - (2 + 0)) + -1418 + 1422?
104
-4 + (-1 - -27) - (-251 - -284)
-11
What is the value of -4 + (-247 - -90) - -40?
-121
-497 + 529 - (-42 + -14)
88
What is the value of (-3 - -33 - -3) + (16 - -10) + -23?
36
What is the value of 42 - (44 + 7) - -52?
43
Evaluate -12 + (2 - -3) + (335 - 308).
20
What is the value of -76 - (14 + (-24 - (-24 - -3)) - (6 + 0))?
-81
(2 + -1 - 2) + (14 - (27 + -15))
1
Evaluate -2 - (-2 - 5) - ((-42 - -73) + -29) - -65.
68
What is 13 - (-13 + 31) - -1 - 11?
-15
-29 - (43 - 78) - (-3 + (6 - 10) + 7)
6
Calculate 24 - (-41 + 48 - (2 - 3)) - -64.
80
Calculate (177 - -9 - 181) + (8 + 1 - (0 + 2)).
12
-10 - (263 - 280 - (-27 + 0 - -1))
-19
11 + (21 + -12 - 24) + 20
16
What is 14 + -66 - (-4 + -9 + (3 - 3) + 25)?
-64
Evaluate (28 - (30 - 18)) + 6 - (4 - 3).
21
What is (1 - 7) + -5 + 4 + 11 + -10 + 56?
50
What is the value of -37 + -3 - (-18 - (6 - 25) - (-1 - 4))?
-46
-15 + -7 + 35 - (-45 + 16)
42
What is the value of (-1 - (-1 - 3) - -64) + (89 - (94 - 6))?
68
Evaluate -108 - (-140 + 36 - -100).
-104
Evaluate -46 + (15 - -106 - 26).
49
-1 + -28 + (23 + 12 - 1)
5
What is the value of 54 - (0 - -2) - -25?
77
What is -47 - ((-34 - 27) + -5)?
19
218 - 282 - (-24 + (-2 - -9))
-47
What is ((-2 - -22) + -33 - (-2 + 0)) + -4?
-15
What is 65 - (-42 - -58 - 18)?
67
(57 - 81) + -57 - -168
87
What is the value of 34 - (10 + -4 + 7 + -18 + -4 + 10)?
33
What is the value of 6 + 17 + 8 - 28?
3
What is the value of -6 + (144 - 156 - (-3 - (34 - 0))) + 6?
25
What is the value of -11 + 35 + (45 - 3)?
66
Evaluate 3069 + -3084 - (-63 + 0 + 1).
47
-5 - (-31 + -20) - 31 - (0 + 17)
-2
What is 1 + (4 - 12 - 0 - (7 - 23))?
9
Evaluate 0 + -4 + ((-22 - -34) + -30 - -21).
-1
Calculate (7 + -5 - (-4 + (6 - 4))) + -1511 + 1411.
-96
What is the value of (-4 + 4 + 24 - (-9 + 6 + 14)) + -139?
-126
-41 + (3 - -74) + -49
-13
Evaluate -23 + -18 + 16 - -3 - (7 - 1).
-28
Calculate (-15 - -20) + -10 + -2 - (128 + -83).
-52
Evaluate -7 - -7 - (8 - -5) - -10.
-3
What is the value of (1 - 15 - -11) + -59?
-62
-4 + -7 + -63 + 15 + 1 + -3
-61
What is 8 + 41 + -55 + 11?
5
(550 - 542) + (2 - -3 - -49)
62
Evaluate 8 + (17 - -6 - 44).
-13
24 + (15 - (71 + -23)) - (1 - -41)
-51
What is (-100 + 6 - (-37 - -3 - -25)) + 16?
-69
Evaluate 0 - (-42 - -50 - (1 - 1 - 2)).
-10
6 + (-16 - -8) + 10 + 3 + (16 - 6)
21
Calculate -38 + (46 - -45) + -36.
17
Evaluate -395 + 379 - (-37 + -5) - 27.
-1
What is 59 + (-1 - (14 + -10 + -25)) - -1?
80
What is the value of 78 + -8 - 8 - (-1 + -3 + (-27 - -30))?
63
Evaluate (41 - 2) + (-22 + 76 - 30).
63
Evaluate -5 + -1 + (-19 - (20 + 26 - 13)).
-58
(-42 - (-32 + (37 - 45))) + -48
-50
What is (-72 - -40 - -36 - (-3 - -25)) + -54?
-72
Evaluate 16 + 11 + 4 + -11 - -23.
43
What is the value of -1 + 21 - (-25 + 32 - -4) - -13?
22
Calculate 45 + -12 + -61 + 37 + 48.
57
What is 75 + 19 + (17 + -22 - 8)?
81
(15 - (22 + -73 + 36)) + -130
-100
Evaluate (-5 + 0 - 13) + (71 - 58) + 91.
86
What is -20589 + 20588 + (-2 - -2) + 19?
18
Evaluate (41 - -5) + (8 - 95 - -65).
24
20 + 1 + -4 + (36 - -12)
65
What is the value of 7 + (25 - (5 - -7)) + -53?
-33
Evaluate -22 + 10 + (-7 - -38) + 12.
31
Calculate (-33 - -68) + -65 - (-3 - -91).
-118
Calculate 5 + -8 + (16 - (-8 - -21)).
0
76 - ((57 - -53) + -67)
33
Calculate -16 + (19 - (22 + -20 + (3 - (2 + -9)))).
-9
Calculate -5 + 1 + 15 + -55 + (77 - 3).
30
Calculate -62 + -41 + (101 - 13).
-15
Evaluate (-36 + 27 - -31) + 19.
41
Calculate (50 - (55 - 3